{"id":1571,"date":"2024-07-04T09:19:34","date_gmt":"2024-07-04T07:19:34","guid":{"rendered":"https:\/\/www.jiri-kovar.cz\/?page_id=1571"},"modified":"2024-07-12T08:59:26","modified_gmt":"2024-07-12T06:59:26","slug":"podminky-pouziti-cookies","status":"publish","type":"page","link":"https:\/\/www.jiri-kovar.cz\/index.php\/podminky-pouziti-cookies\/","title":{"rendered":"PODM\u00cdNKY POU\u017dIT\u00cd COOKIES"},"content":{"rendered":"[vc_row type=&#8220;in_container&#8220; full_screen_row_position=&#8220;middle&#8220; column_margin=&#8220;default&#8220; scene_position=&#8220;center&#8220; text_color=&#8220;dark&#8220; text_align=&#8220;left&#8220; overlay_strength=&#8220;0.3&#8243; shape_divider_position=&#8220;bottom&#8220; bg_image_animation=&#8220;none&#8220;][vc_column column_padding=&#8220;no-extra-padding&#8220; column_padding_position=&#8220;all&#8220; background_color_opacity=&#8220;1&#8243; background_hover_color_opacity=&#8220;1&#8243; column_link_target=&#8220;_self&#8220; column_shadow=&#8220;none&#8220; column_border_radius=&#8220;none&#8220; width=&#8220;1\/1&#8243; tablet_width_inherit=&#8220;default&#8220; tablet_text_alignment=&#8220;default&#8220; phone_text_alignment=&#8220;default&#8220; overlay_strength=&#8220;0.3&#8243; column_border_width=&#8220;none&#8220; column_border_style=&#8220;solid&#8220; bg_image_animation=&#8220;none&#8220;][vc_row_inner column_margin=&#8220;default&#8220; text_align=&#8220;left&#8220;][\/vc_row_inner][vc_column_text]\n<div class=\"vc_col-sm-8 wpb_column column_container vc_column_container col centered-text no-extra-padding instance-1\" data-t-w-inherits=\"default\" data-border-radius=\"none\" data-shadow=\"none\" data-border-animation=\"\" data-border-animation-delay=\"\" data-border-width=\"none\" data-border-style=\"solid\" data-border-color=\"\" data-bg-cover=\"\" data-padding-pos=\"all\" data-has-bg-color=\"false\" data-bg-color=\"\" data-bg-opacity=\"1\" data-hover-bg=\"\" data-hover-bg-opacity=\"1\" data-animation=\"\" data-delay=\"0\">\n<div class=\"vc_column-inner\">\n<div class=\"wpb_wrapper\">\n<div class=\"container\">\n<div class=\"row\">\n<div class=\"col-xs-12\">\n<h3 class=\"dotted\" style=\"text-align: left;\">PODM\u00cdNKY POU\u017dIT\u00cd COOKIES<\/h3>\n<\/div>\n<\/div>\n<\/div>\n<div class=\"container\">\n<div class=\"row\">\n<div class=\"col-xs-12\">\n<p style=\"text-align: left;\">Pro provoz a zkvalitn\u011bn\u00ed internetov\u00fdch str\u00e1nek https:\/\/www.jiri-kovar.cz pou\u017e\u00edv\u00e1 provozovatel tzv. cookies. Tyto mal\u00e9 soubory se ukl\u00e1daj\u00ed do va\u0161eho za\u0159\u00edzen\u00ed prost\u0159ednictv\u00edm prohl\u00ed\u017ee\u010de p\u0159i otev\u0159en\u00ed internetov\u00e9 adresy a umo\u017e\u0148uj\u00ed l\u00e9pe p\u0159izp\u016fsobit internetov\u00e9 str\u00e1nky.<\/p>\n<p style=\"text-align: left;\">Pokud budete nad\u00e1le proch\u00e1zet na\u0161e webov\u00e9 str\u00e1nky beze zm\u011bny nastaven\u00ed soubor\u016f cookie (viz n\u00ed\u017ee), potvrzujete a souhlas\u00edte s t\u00edm, \u017ee provozovatel soubory cookie pou\u017e\u00edv\u00e1.<\/p>\n<h3 style=\"text-align: left;\">Co jsou soubory \u201ecookies\u201c?<\/h3>\n<p style=\"text-align: left;\">Jedn\u00e1 se o mal\u00e9 textov\u00e9 soubory, kter\u00e9 internetov\u00e9 str\u00e1nky ukl\u00e1daj\u00ed do va\u0161eho za\u0159\u00edzen\u00ed v okam\u017eiku, kdy tyto str\u00e1nky nav\u0161t\u00edv\u00edte, pokud jste tuto funkci v prohl\u00ed\u017ee\u010di nezak\u00e1zali nebo pro p\u0159\u00edstup k webu nevyu\u017e\u00edv\u00e1te anonymn\u00ed re\u017eim prohl\u00ed\u017ee\u010de. Str\u00e1nky si tak na ur\u010ditou dobu zapamatuj\u00ed \u00fakony, kter\u00e9 jste na nich provedli, a preference (nap\u0159. obl\u00edben\u00e9 polo\u017eky, nastaven\u00ed filtr\u016f vyhled\u00e1v\u00e1n\u00ed apod.), kter\u00e9 pak nemus\u00edte opakovan\u011b zad\u00e1vat. D\u00e1le se vyu\u017e\u00edvaj\u00ed pro vytvo\u0159en\u00ed statistik n\u00e1v\u0161t\u011bvnosti a chov\u00e1n\u00ed u\u017eivatel\u016f pro provozovatele webu. V cookies neuchov\u00e1v\u00e1me \u017e\u00e1dn\u00e9 osobn\u00ed \u00fadaje, nelze tak identifikovat u\u017eivatele jako osobu.<\/p>\n<p style=\"text-align: left;\">V\u00edce informac\u00ed o cookies naleznete nap\u0159. na wikipedii. (<a href=\"https:\/\/cs.wikipedia.org\/wiki\/HTTP_cookie\" target=\"_blank\" rel=\"noopener noreferrer\">https:\/\/cs.wikipedia.org\/wiki\/HTTP_cookie<\/a>)<\/p>\n<h3 style=\"text-align: left;\">Jak\u00e9 cookies se na webu pou\u017e\u00edvaj\u00ed?<\/h3>\n<p style=\"text-align: left;\">Soubory cookie pou\u017e\u00edv\u00e1me zejm\u00e9na:<\/p>\n<p style=\"text-align: left;\">\u2022\u00a0\u00a0\u00a0pro zapamatov\u00e1n\u00ed preferenc\u00ed u\u017eivatele str\u00e1nek, identifikaci u\u017eivatele v p\u0159\u00edpad\u011b p\u0159\u00edstupu do chr\u00e1n\u011bn\u00e9 sekce, pro anal\u00fdzu pou\u017e\u00edv\u00e1n\u00ed str\u00e1nek, pro anal\u00fdzu reklamn\u00edch n\u00e1stroj\u016f, pro napojen\u00ed na n\u00e1stroje soci\u00e1ln\u00edch s\u00edt\u00ed<\/p>\n<p style=\"text-align: left;\">\u2022\u00a0\u00a0\u00a0pro spr\u00e1vnou funk\u010dnost chr\u00e1n\u011bn\u00e9 sekce pro u\u017eivatele<\/p>\n<p style=\"text-align: left;\">\u2022\u00a0\u00a0\u00a0ke sledov\u00e1n\u00ed vyu\u017eit\u00ed str\u00e1nek, a t\u00edm k jejich zkvalitn\u011bn\u00ed a zv\u00fd\u0161en\u00ed v\u00fdkonu<\/p>\n<p style=\"text-align: left;\">\u2022\u00a0\u00a0\u00a0pro funkce zabezpe\u010den\u00e9ho p\u0159enosu dat p\u0159i proch\u00e1zen\u00ed webu<\/p>\n<p style=\"text-align: left;\">Typy pou\u017eit\u00fdch cookie soubor\u016f jsou session cookie, cookie prvn\u00edch stran a cookie t\u0159et\u00edch stran. Soubory cookie nebudou pou\u017eity pro \u017e\u00e1dn\u00e9 jin\u00e9 \u00fa\u010dely ne\u017e v\u00fd\u0161e zm\u00edn\u011bn\u00e9. Vyu\u017e\u00edv\u00e1n\u00ed cookies m\u016f\u017eete upravit v nastaven\u00ed soukrom\u00ed va\u0161eho internetov\u00e9ho prohl\u00ed\u017ee\u010de.<\/p>\n<p style=\"text-align: left;\">Ka\u017ed\u00fd, kdo nav\u0161t\u011bvuje webovou str\u00e1nku ukl\u00e1daj\u00edc\u00ed cookies, mus\u00ed b\u00fdt v souladu se z\u00e1konem o elektronick\u00e9 komunikaci upozorn\u011bn na:<\/p>\n<p style=\"text-align: left;\">\u2022\u00a0\u00a0\u00a0to, \u017ee webov\u00e1 str\u00e1nka obsahuje cookies<\/p>\n<p style=\"text-align: left;\">\u2022\u00a0\u00a0\u00a0\u00fa\u010del pou\u017eit\u00ed cookies<\/p>\n<p style=\"text-align: left;\">\u2022\u00a0\u00a0\u00a0mo\u017enost vypnut\u00ed cookies.<\/p>\n<p style=\"text-align: left;\">Z pohledu platnosti existuj\u00ed dva typy cookies a to cookies pro aktu\u00e1ln\u00ed relaci a trval\u00e9 cookies. Cookies pro relaci jsou ukl\u00e1d\u00e1ny do za\u0159\u00edzen\u00ed, po opu\u0161t\u011bn\u00ed str\u00e1nky jsou v\u0161ak odstran\u011bny. Trval\u00e9 cookies z\u016fst\u00e1vaj\u00ed v po\u010d\u00edta\u010di, dokud nevypr\u0161\u00ed jejich platnost viz tabulka n\u00ed\u017ee.<\/p>\n<h3 style=\"text-align: left;\">Jak upravit vyu\u017e\u00edv\u00e1n\u00ed cookies?<\/h3>\n<p style=\"text-align: left;\">Vyu\u017e\u00edv\u00e1n\u00ed cookies lze upravit podle toho, jak pot\u0159ebujete (nap\u0159. je m\u016f\u017eete vymazat). M\u016f\u017eete vymazat v\u0161echny cookies, kter\u00e9 jsou ji\u017e na va\u0161em po\u010d\u00edta\u010di, a v\u011bt\u0161ina prohl\u00ed\u017ee\u010d\u016f tak\u00e9 nab\u00edz\u00ed mo\u017enost zabr\u00e1nit tomu, aby byly cookies ve va\u0161em za\u0159\u00edzen\u00ed v\u016fbec ukl\u00e1d\u00e1ny. Pokud v\u0161ak tuto mo\u017enost vyu\u017eijete, budete z\u0159ejm\u011b muset manu\u00e1ln\u011b upravovat n\u011bkter\u00e9 preference p\u0159i ka\u017ed\u00e9 n\u00e1v\u0161t\u011bv\u011b dan\u00fdch str\u00e1nek a nelze ani vylou\u010dit omezen\u00ed n\u011bkter\u00fdch slu\u017eeb a funkc\u00ed str\u00e1nek, p\u0159edev\u0161\u00edm pak chr\u00e1n\u011bn\u00e9 sekce p\u0159\u00edstupn\u00e9 po p\u0159ihl\u00e1\u0161en\u00ed. Snadno m\u016f\u017eete zabr\u00e1nit ukl\u00e1d\u00e1n\u00ed cookies vyu\u017eit\u00edm anonymn\u00edho re\u017eimu prohl\u00ed\u017ee\u010de.<\/p>\n<h3 style=\"text-align: left;\">Provozovatel internetov\u00fdch str\u00e1nek<\/h3>\n<p style=\"text-align: left;\">Ji\u0159\u00ed Kov\u00e1\u0159, Sladkovsk\u00e9ho 505, 530 02 Pardubice, I\u010cO: 88296881<\/p>\n<\/div>\n<\/div>\n<\/div>\n<\/div>\n<\/div>\n<\/div>\n[\/vc_column_text][\/vc_column][\/vc_row][vc_row type=&#8220;full_width_content&#8220; full_screen_row_position=&#8220;middle&#8220; column_margin=&#8220;default&#8220; scene_position=&#8220;center&#8220; text_color=&#8220;dark&#8220; text_align=&#8220;left&#8220; top_padding=&#8220;-100px&#8220; overlay_strength=&#8220;0.3&#8243; shape_divider_position=&#8220;bottom&#8220; bg_image_animation=&#8220;none&#8220; shape_type=&#8220;&#8220;][vc_column column_padding=&#8220;no-extra-padding&#8220; column_padding_position=&#8220;all&#8220; background_color_opacity=&#8220;1&#8243; background_hover_color_opacity=&#8220;1&#8243; column_link_target=&#8220;_self&#8220; column_shadow=&#8220;none&#8220; column_border_radius=&#8220;none&#8220; top_margin=&#8220;-100px&#8220; width=&#8220;1\/1&#8243; tablet_width_inherit=&#8220;default&#8220; tablet_text_alignment=&#8220;default&#8220; phone_text_alignment=&#8220;default&#8220; overlay_strength=&#8220;0.3&#8243; column_border_width=&#8220;none&#8220; column_border_style=&#8220;solid&#8220; bg_image_animation=&#8220;none&#8220;][image_with_animation image_url=&#8220;774&#8243; alignment=&#8220;center&#8220; animation=&#8220;None&#8220; hover_animation=&#8220;none&#8220; border_radius=&#8220;none&#8220; box_shadow=&#8220;none&#8220; image_loading=&#8220;default&#8220; max_width=&#8220;100%&#8220; max_width_mobile=&#8220;default&#8220;][\/vc_column][\/vc_row]\n","protected":false},"excerpt":{"rendered":"<p>[vc_row type=&#8220;in_container&#8220; full_screen_row_position=&#8220;middle&#8220; column_margin=&#8220;default&#8220; scene_position=&#8220;center&#8220; text_color=&#8220;dark&#8220; text_align=&#8220;left&#8220; overlay_strength=&#8220;0.3&#8243; shape_divider_position=&#8220;bottom&#8220; bg_image_animation=&#8220;none&#8220;][vc_column column_padding=&#8220;no-extra-padding&#8220; column_padding_position=&#8220;all&#8220; background_color_opacity=&#8220;1&#8243; background_hover_color_opacity=&#8220;1&#8243; column_link_target=&#8220;_self&#8220; column_shadow=&#8220;none&#8220; column_border_radius=&#8220;none&#8220; width=&#8220;1\/1&#8243; tablet_width_inherit=&#8220;default&#8220; tablet_text_alignment=&#8220;default&#8220; phone_text_alignment=&#8220;default&#8220; overlay_strength=&#8220;0.3&#8243; column_border_width=&#8220;none&#8220; column_border_style=&#8220;solid&#8220; bg_image_animation=&#8220;none&#8220;][vc_row_inner column_margin=&#8220;default&#8220; text_align=&#8220;left&#8220;][\/vc_row_inner][vc_column_text] PODM\u00cdNKY POU\u017dIT\u00cd COOKIES&#8230;<\/p>\n","protected":false},"author":1,"featured_media":0,"parent":0,"menu_order":0,"comment_status":"closed","ping_status":"closed","template":"","meta":{"_monsterinsights_skip_tracking":false,"_monsterinsights_sitenote_active":false,"_monsterinsights_sitenote_note":"","_monsterinsights_sitenote_category":0,"footnotes":""},"class_list":["post-1571","page","type-page","status-publish"],"_links":{"self":[{"href":"https:\/\/www.jiri-kovar.cz\/index.php\/wp-json\/wp\/v2\/pages\/1571"}],"collection":[{"href":"https:\/\/www.jiri-kovar.cz\/index.php\/wp-json\/wp\/v2\/pages"}],"about":[{"href":"https:\/\/www.jiri-kovar.cz\/index.php\/wp-json\/wp\/v2\/types\/page"}],"author":[{"embeddable":true,"href":"https:\/\/www.jiri-kovar.cz\/index.php\/wp-json\/wp\/v2\/users\/1"}],"replies":[{"embeddable":true,"href":"https:\/\/www.jiri-kovar.cz\/index.php\/wp-json\/wp\/v2\/comments?post=1571"}],"version-history":[{"count":4,"href":"https:\/\/www.jiri-kovar.cz\/index.php\/wp-json\/wp\/v2\/pages\/1571\/revisions"}],"predecessor-version":[{"id":1591,"href":"https:\/\/www.jiri-kovar.cz\/index.php\/wp-json\/wp\/v2\/pages\/1571\/revisions\/1591"}],"wp:attachment":[{"href":"https:\/\/www.jiri-kovar.cz\/index.php\/wp-json\/wp\/v2\/media?parent=1571"}],"curies":[{"name":"wp","href":"https:\/\/api.w.org\/{rel}","templated":true}]}}